{"id":9,"date":"2011-10-06T19:02:36","date_gmt":"2011-10-06T19:02:36","guid":{"rendered":"http:\/\/riverocela.es\/prueba\/?page_id=9"},"modified":"2014-12-12T09:56:52","modified_gmt":"2014-12-12T09:56:52","slug":"equipo-profesional","status":"publish","type":"page","link":"https:\/\/riverocela.es\/?page_id=9","title":{"rendered":"Equipo Profesional"},"content":{"rendered":"<p><img loading=\"lazy\" decoding=\"async\" class=\"alignnone size-full wp-image-173\" title=\"equipo\" src=\"http:\/\/riverocela.es\/wp-content\/uploads\/2011\/10\/equipo.png\" alt=\"\" width=\"968\" height=\"177\" srcset=\"https:\/\/riverocela.es\/wp-content\/uploads\/2011\/10\/equipo.png 968w, https:\/\/riverocela.es\/wp-content\/uploads\/2011\/10\/equipo-300x54.png 300w\" sizes=\"auto, (max-width: 968px) 100vw, 968px\" \/><\/p>\n<div class=\"one_half \">\n<h6>Rub\u00e9n Rivero Cano<\/h6>\n<p><a href=\"mailto:r.rivero@riverocela.es\">r.rivero@riverocela.es<\/a><\/p>\n<blockquote><p>Licenciado en Derecho.<br \/>\nLicenciado en Ciencias del Trabajo.<br \/>\nDiplomado en Relaciones Laborales.<br \/>\nT\u00e9cnico Superior en Prevenci\u00f3n de Riesgos Laborales (Seguridad-Ergonom\u00eda-Psicosociolog\u00eda en el Trabajo).<br \/>\nMiembro del Ilustre Colegio de Abogados de Madrid.<br \/>\n\u00c1rea de actividad: Derecho del Trabajo y Seguridad Social.<\/p><\/blockquote>\n<\/div>\n<div class=\"one_half last \">\n<h6>Jorge Juan G\u00e1ndara Maeztu<\/h6>\n<p><a href=\"mailto:j.gandara@riverocela.es\">j.gandara@riverocela.es<\/a><\/p>\n<blockquote><p>Licenciado en Derecho.<br \/>\nLicenciado en Ciencias Econ\u00f3micas.<br \/>\nMiembro del Ilustre Colegio de Abogados de Madrid.<br \/>\n\u00c1rea de actividad: Derecho del Trabajo y Seguridad Social.<\/p><\/blockquote>\n<\/div>\n<p><img loading=\"lazy\" decoding=\"async\" class=\"alignnone size-full wp-image-110\" title=\"divisoria\" src=\"http:\/\/riverocela.es\/wp-content\/uploads\/2011\/10\/divisoria.jpg\" alt=\"\" width=\"961\" height=\"49\" srcset=\"https:\/\/riverocela.es\/wp-content\/uploads\/2011\/10\/divisoria.jpg 961w, https:\/\/riverocela.es\/wp-content\/uploads\/2011\/10\/divisoria-300x15.jpg 300w\" sizes=\"auto, (max-width: 961px) 100vw, 961px\" \/><\/p>\n<div class=\"one_half \">\n<h6>Ildefonso S\u00e1nchez Conde<\/h6>\n<p><a href=\"mailto:i.sanchez@riverocela.es\">i.sanchez@riverocela.es<\/a><\/p>\n<blockquote><p>Licenciado en Derecho.<br \/>\nMiembro del Ilustre Colegio de Abogados de Toledo.<br \/>\n\u00c1rea de actividad: Contencioso- Administrativo y Civil.<\/p><\/blockquote>\n<\/div>\n<div class=\"one_half last \">\n<h6>Jes\u00fas Gonz\u00e1lez del Yerro Medina<\/h6>\n<p><a href=\"mailto:j.gonzalezdelyerro@riverocela.es\">j.gonzalezdelyerro@riverocela.es<\/a><\/p>\n<blockquote><p>Licenciado en Derecho.<br \/>\nLicenciado en Administraci\u00f3n y Direcci\u00f3n de Empresas<br \/>\nMiembro del Ilustre Colegio de Abogados de Madrid.<br \/>\n\u00c1rea de actividad: Derecho del Trabajo y Seguridad Social.<\/p><\/blockquote>\n<\/div>\n<p><img loading=\"lazy\" decoding=\"async\" class=\"alignnone size-full wp-image-110\" title=\"divisoria\" src=\"http:\/\/riverocela.es\/wp-content\/uploads\/2011\/10\/divisoria.jpg\" alt=\"\" width=\"961\" height=\"49\" srcset=\"https:\/\/riverocela.es\/wp-content\/uploads\/2011\/10\/divisoria.jpg 961w, https:\/\/riverocela.es\/wp-content\/uploads\/2011\/10\/divisoria-300x15.jpg 300w\" sizes=\"auto, (max-width: 961px) 100vw, 961px\" \/><\/p>\n<div class=\"one_half \">\n<h6>Javier Arroyo<\/h6>\n<p><a href=\"mailto:j.arroyo@riverocela.es\">j.arroyo@riverocela.es<\/a><\/p>\n<blockquote><p>Licenciado en Derecho.<br \/>\nMasters en Pr\u00e1ctica Jur\u00eddica por la Universidad Complutense de Madrid.<br \/>\nMiembro del Ilustre Colegio de Abogados de Madrid.<br \/>\n\u00c1rea de actividad: Derecho del Trabajo y Seguridad Social<\/p><\/blockquote>\n<\/div>\n<div class=\"one_half last \">\n<\/div>\n<p><img loading=\"lazy\" decoding=\"async\" class=\"alignnone size-full wp-image-110\" title=\"divisoria\" src=\"http:\/\/riverocela.es\/wp-content\/uploads\/2011\/10\/divisoria.jpg\" alt=\"\" width=\"961\" height=\"49\" srcset=\"https:\/\/riverocela.es\/wp-content\/uploads\/2011\/10\/divisoria.jpg 961w, https:\/\/riverocela.es\/wp-content\/uploads\/2011\/10\/divisoria-300x15.jpg 300w\" sizes=\"auto, (max-width: 961px) 100vw, 961px\" \/><\/p>\n<div class=\"one_half \">\n<h6>Julio Perez<\/h6>\n<p><a href=\"mailto:j.perez@riverocela.es\">j.perez@riverocela.es<\/a><\/p>\n<blockquote><p>Administraci\u00f3n<\/p><\/blockquote>\n<\/div>\n<div class=\"one_half last \">\n<h6>Esther Rivero<\/h6>\n<p><a href=\"mailto:e.rivero@riverocela.es\">e.rivero@riverocela.es<\/a><\/p>\n<blockquote><p>Administraci\u00f3n<\/p><\/blockquote>\n<\/div>\n<p><img loading=\"lazy\" decoding=\"async\" class=\"alignnone size-full wp-image-110\" title=\"divisoria\" src=\"http:\/\/riverocela.es\/wp-content\/uploads\/2011\/10\/divisoria.jpg\" alt=\"\" width=\"961\" height=\"49\" srcset=\"https:\/\/riverocela.es\/wp-content\/uploads\/2011\/10\/divisoria.jpg 961w, https:\/\/riverocela.es\/wp-content\/uploads\/2011\/10\/divisoria-300x15.jpg 300w\" sizes=\"auto, (max-width: 961px) 100vw, 961px\" \/><\/p>\n","protected":false},"excerpt":{"rendered":"","protected":false},"author":1,"featured_media":0,"parent":0,"menu_order":0,"comment_status":"open","ping_status":"open","template":"","meta":{"footnotes":""},"class_list":["post-9","page","type-page","status-publish","hentry"],"_links":{"self":[{"href":"https:\/\/riverocela.es\/index.php?rest_route=\/wp\/v2\/pages\/9","targetHints":{"allow":["GET"]}}],"collection":[{"href":"https:\/\/riverocela.es\/index.php?rest_route=\/wp\/v2\/pages"}],"about":[{"href":"https:\/\/riverocela.es\/index.php?rest_route=\/wp\/v2\/types\/page"}],"author":[{"embeddable":true,"href":"https:\/\/riverocela.es\/index.php?rest_route=\/wp\/v2\/users\/1"}],"replies":[{"embeddable":true,"href":"https:\/\/riverocela.es\/index.php?rest_route=%2Fwp%2Fv2%2Fcomments&post=9"}],"version-history":[{"count":39,"href":"https:\/\/riverocela.es\/index.php?rest_route=\/wp\/v2\/pages\/9\/revisions"}],"predecessor-version":[{"id":325,"href":"https:\/\/riverocela.es\/index.php?rest_route=\/wp\/v2\/pages\/9\/revisions\/325"}],"wp:attachment":[{"href":"https:\/\/riverocela.es\/index.php?rest_route=%2Fwp%2Fv2%2Fmedia&parent=9"}],"curies":[{"name":"wp","href":"https:\/\/api.w.org\/{rel}","templated":true}]}}

<p><img loading="lazy" decoding="async" class="alignnone size-full wp-image-173" title="equipo" src="http://riverocela.es/wp-content/uploads/2011/10/equipo.png" alt="" width="968" height="177" srcset="https://riverocela.es/wp-content/uploads/2011/10/equipo.png 968w, https://riverocela.es/wp-content/uploads/2011/10/equipo-300x54.png 300w" sizes="auto, (max-width: 968px) 100vw, 968px" /></p>
<div class="one_half ">
<h6>Rubén Rivero Cano</h6>
<p><a href="mailto:r.rivero@riverocela.es">r.rivero@riverocela.es</a></p>
<blockquote><p>Licenciado en Derecho.<br />
Licenciado en Ciencias del Trabajo.<br />
Diplomado en Relaciones Laborales.<br />
Técnico Superior en Prevención de Riesgos Laborales (Seguridad-Ergonomía-Psicosociología en el Trabajo).<br />
Miembro del Ilustre Colegio de Abogados de Madrid.<br />
Área de actividad: Derecho del Trabajo y Seguridad Social.</p></blockquote>
</div>
<div class="one_half last ">
<h6>Jorge Juan Gándara Maeztu</h6>
<p><a href="mailto:j.gandara@riverocela.es">j.gandara@riverocela.es</a></p>
<blockquote><p>Licenciado en Derecho.<br />
Licenciado en Ciencias Económicas.<br />
Miembro del Ilustre Colegio de Abogados de Madrid.<br />
Área de actividad: Derecho del Trabajo y Seguridad Social.</p></blockquote>
</div>
<p><img loading="lazy" decoding="async" class="alignnone size-full wp-image-110" title="divisoria" src="http://riverocela.es/wp-content/uploads/2011/10/divisoria.jpg" alt="" width="961" height="49" srcset="https://riverocela.es/wp-content/uploads/2011/10/divisoria.jpg 961w, https://riverocela.es/wp-content/uploads/2011/10/divisoria-300x15.jpg 300w" sizes="auto, (max-width: 961px) 100vw, 961px" /></p>
<div class="one_half ">
<h6>Ildefonso Sánchez Conde</h6>
<p><a href="mailto:i.sanchez@riverocela.es">i.sanchez@riverocela.es</a></p>
<blockquote><p>Licenciado en Derecho.<br />
Miembro del Ilustre Colegio de Abogados de Toledo.<br />
Área de actividad: Contencioso- Administrativo y Civil.</p></blockquote>
</div>
<div class="one_half last ">
<h6>Jesús González del Yerro Medina</h6>
<p><a href="mailto:j.gonzalezdelyerro@riverocela.es">j.gonzalezdelyerro@riverocela.es</a></p>
<blockquote><p>Licenciado en Derecho.<br />
Licenciado en Administración y Dirección de Empresas<br />
Miembro del Ilustre Colegio de Abogados de Madrid.<br />
Área de actividad: Derecho del Trabajo y Seguridad Social.</p></blockquote>
</div>
<p><img loading="lazy" decoding="async" class="alignnone size-full wp-image-110" title="divisoria" src="http://riverocela.es/wp-content/uploads/2011/10/divisoria.jpg" alt="" width="961" height="49" srcset="https://riverocela.es/wp-content/uploads/2011/10/divisoria.jpg 961w, https://riverocela.es/wp-content/uploads/2011/10/divisoria-300x15.jpg 300w" sizes="auto, (max-width: 961px) 100vw, 961px" /></p>
<div class="one_half ">
<h6>Javier Arroyo</h6>
<p><a href="mailto:j.arroyo@riverocela.es">j.arroyo@riverocela.es</a></p>
<blockquote><p>Licenciado en Derecho.<br />
Masters en Práctica Jurídica por la Universidad Complutense de Madrid.<br />
Miembro del Ilustre Colegio de Abogados de Madrid.<br />
Área de actividad: Derecho del Trabajo y Seguridad Social</p></blockquote>
</div>
<div class="one_half last ">
</div>
<p><img loading="lazy" decoding="async" class="alignnone size-full wp-image-110" title="divisoria" src="http://riverocela.es/wp-content/uploads/2011/10/divisoria.jpg" alt="" width="961" height="49" srcset="https://riverocela.es/wp-content/uploads/2011/10/divisoria.jpg 961w, https://riverocela.es/wp-content/uploads/2011/10/divisoria-300x15.jpg 300w" sizes="auto, (max-width: 961px) 100vw, 961px" /></p>
<div class="one_half ">
<h6>Julio Perez</h6>
<p><a href="mailto:j.perez@riverocela.es">j.perez@riverocela.es</a></p>
<blockquote><p>Administración</p></blockquote>
</div>
<div class="one_half last ">
<h6>Esther Rivero</h6>
<p><a href="mailto:e.rivero@riverocela.es">e.rivero@riverocela.es</a></p>
<blockquote><p>Administración</p></blockquote>
</div>
<p><img loading="lazy" decoding="async" class="alignnone size-full wp-image-110" title="divisoria" src="http://riverocela.es/wp-content/uploads/2011/10/divisoria.jpg" alt="" width="961" height="49" srcset="https://riverocela.es/wp-content/uploads/2011/10/divisoria.jpg 961w, https://riverocela.es/wp-content/uploads/2011/10/divisoria-300x15.jpg 300w" sizes="auto, (max-width: 961px) 100vw, 961px" /></p>
